3*n**2 + 12*n**2. Suppose -3 - 1 = 2*w. What is the units digit of f(w)?
1
Let s(n) = -n**3 + 5*n + 3. Let p be s(-3). What is the units digit of (1 - 2) + p + -3?
1
Let u(k) = k + 21. Let h be u(0). Let w be 3*7/(h/(-2)). What is the units digit of 6 + (w - -3)*-3?
3
Suppose 3*v - 59 = -11. What is the units digit of v?
6
Suppose -3*f + 160 = 4*r, -2*r + 0*f + 80 = 3*f. What is the units digit of r?
0
Suppose -3*b - 12 + 3 = 0. Let q(z) = z**3 + 5*z**2 + 4*z + 2. What is the units digit of q(b)?
8
Let p(v) = 9*v - 2. Let b(r) = r - 1. Let o(i) = -3*b(i) + p(i). Let t be o(1). Suppose t*g - 30 = 2*g. What is the units digit of g?
6
Let b = 157 + -32. Suppose -6*t + t + b = 0. What is the tens digit of t?
2
Suppose -j + 0 = -6. Suppose -l = -j*l - 100. Let h = -6 - l. What is the tens digit of h?
1
Let j(v) = -2*v - 1. Let r be j(-3). Suppose 0 = -4*n - 2*g - 2, 0 = 3*n - r*g - 37 + 6. What is the units digit of (n/(-3))/(2/(-18))?
6
Suppose -w - 203 = -5*w + c, c = -4*w + 205. What is the units digit of w?
1
Let o = -2 - -12. What is the tens digit of o?
1
Let s = -362 - -524. What is the tens digit of s?
6
Let c be ((-2)/(-4) - -1)*-10. Let x be (-44)/(-10) + 6/c. Suppose x*f - 2*g - 21 = -g, -f = -g - 6. What is the units digit of f?
5
Let u = -20 + 25. What is the tens digit of (-8 - 2)/((-1)/u)?
5
What is the tens digit of (-120)/200 + (-1 - 488/(-5))?
9
Let l = -198 - -329. What is the units digit of l?
1
Let f be ((-3)/9)/(5/(-390)). Suppose 4*a = 5*a - f. What is the units digit of a?
6
Let x(u) = -u**3 + 10*u**2 - 11*u - 5. Let q be x(8). Let w be 226/5 - 7/q. Let k = w - 29. What is the tens digit of k?
1
Let u(g) = -g**3 + g**2. Let q(f) = f**3 - 8*f**2 - 2*f + 6. Let s(z) = q(z) + 2*u(z). What is the units digit of s(-6)?
8
Suppose -2*n + 9*n - 483 = 0. What is the units digit of n?
9
What is the tens digit of -3 + 126 - (-1 - -4)/3?
2
Suppose -5*z = z - 1704. What is the tens digit of z?
8
Let q = 30 - 30. Suppose -3*j + 40 = -0*j - 2*o, q = j + o - 10. What is the units digit of j?
2
What is the units digit of 4/(-26) + -2 + (-2136)/(-26)?
0
Let d(x) = x**2 - 3*x + 3. Let f be d(-3). Suppose -4*a = -r - 61, r = -4*a + f + 38. Suppose -2*q = -a - 15. What is the units digit of q?
5
Suppose 15 = -2*c - 1. What is the tens digit of 330/24 - 2/c?
1
Suppose 4*g - 8 - 144 = 0. What is the tens digit of g?
3
Suppose 0 = -3*z - 0*z - 84. Let i be z/(-12) - 2/(-3). Suppose -7*t = -i*t - 4. What is the units digit of t?
1
Let y(b) = -b**2 - 4*b + 4. Let t be y(-4). Suppose g + t = 2*u, 2*u + 13 = 3*g + u. What is the units digit of g?
6
Suppose 0*l + 100 = 2*l. What is the tens digit of l?
5
Let x(h) = -h + h - 4*h. Let n be x(-2). Suppose -2*c + n = -6. What is the units digit of c?
7
Suppose 0 = 5*j - k - 21, -5*j - 5*k = -9 - 6. Suppose -3*d - 20 = -j*o + 11, 2*o - 4*d = 28. What is the units digit of o?
4
Let a be 0*2/(-4)*-1. Suppose a*q + 8 = q. What is the units digit of q?
8
Suppose 0 = -4*o - o + 20. Suppose -o*y + 12 = 0, 2*y - 11 = -2*w + 3*y. What is the units digit of w?
7
Let z = 7 - 2. Let x be (-51)/(-85) - (-24)/10. Suppose -4*y + y - x*g = 0, z*y - 4*g = 9. What is the units digit of y?
1
Let b(m) = m + 6. Let r be b(-6). Suppose 4*a = -4 - r. What is the units digit of 1 + 3 + a + 2?
5
Suppose z - 7 = d, -3*d = -5*z + 50 - 21. What is the units digit of z?
4
What is the tens digit of 4/18 - (-6780)/108?
6
Let n = -188 - -296. What is the hundreds digit of n?
1
Let r(y) = y**3 - 8*y**2 - 10*y + 13. Let s be r(9). Let n(h) = 6*h - 5. What is the tens digit of n(s)?
1
Let t(g) = -g**2 + 15*g - 8. Let r be t(10). Suppose 2*u = r - 4. What is the units digit of u?
9
Let v = -21 - -45. What is the tens digit of v?
2
Let i(d) = -9*d - 15. What is the units digit of i(-9)?
6
Suppose -5*f + 19 = -3*s, -5*s - 2 = -3*f + 3. Suppose f*y - 25 = -0*y. What is the units digit of y?
5
Suppose -2*q + 4*u + 22 = 0, 5*q - 6 = 3*u + 14. Suppose 4*n - 34 = -4*m - 90, -4*m = 2*n + 32. What is the units digit of (10/(-15))/(q/n)?
8
Suppose 0 = 2*t + 25 + 55. What is the tens digit of (-274)/(-10) + 16/t?
2
Let u be (-1)/(-5) - 11/5. What is the tens digit of u - (-2 - -2) - -14?
1
Suppose 0 = -3*d + 67 + 107. What is the tens digit of d?
5
Let n(a) = 4*a**2 + 7*a + 2. What is the units digit of n(-3)?
7
Let l(d) be the first derivative of d**4/4 + 7*d**3/3 + 5*d**2/2 - 3*d - 2. Let a(c) = c**3 - 5*c**2 + 4*c - 6. Let t be a(4). What is the units digit of l(t)?
3
Suppose 3*z - 245 = -5*q, 5*z - 668 = -3*q - 233. Suppose 2*d - z = -3*d. Suppose v - d + 4 = 0. What is the tens digit of v?
1
Let o be 4/(-5) + 213/(-15). Let c be (-27)/((-2)/(-4)*-2). Let w = o + c. What is the units digit of w?
2
Let m(o) = 5 - 2 - 7*o - o**2 - 4*o + 7. What is the tens digit of m(-11)?
1
Let l be -11 + (-1 + 1 - 1). Let y(x) = x. Let i(s) = 3*s + 24. Let k(r) = i(r) - 2*y(r). What is the units digit of k(l)?
2
Let q(n) = n**3 + 5*n**2 - 7*n - 3. Let w be q(-6). Let b be (-6)/4 + 180/24. Suppose b*y - 6 = z + y, -y = -w. What is the units digit of z?
9
Let p(w) = -w**2 - 9*w - 4. Let r be p(-4). Suppose r*c = 13*c + 48. What is the tens digit of c?
1
Let q be 24/14 + (-56)/(-196). Suppose -2*p = -3*p + 2. Suppose q*a + p*n - 16 = 0, a - 5*n - 10 = -4*a. What is the units digit of a?
5
Suppose -20*j - 2541 = -27*j. What is the hundreds digit of j?
3
Let v = 8 + -7. Let x = 3 + v. What is the units digit of x?
4
Suppose 0 = -4*f - 0*i + 5*i + 120, -150 = -5*f - 2*i. What is the tens digit of f?
3
Let k(i) = -10*i - 18. What is the tens digit of k(-19)?
7
Suppose -4*l + 7*l - 774 = 0. What is the hundreds digit of l?
2
Let l be (17/2)/(14/168). Let r = l + -71. What is the tens digit of r?
3
Suppose 20*w - 24*w + 664 = 0. What is the units digit of w?
6
Let o(v) = -3*v - 10. Let c(m) = 2*m + 9. Let w(g) = -4*c(g) - 3*o(g). Let j be w(3). What is the units digit of (1 - (-1)/j)*3?
2
Let a = -69 - 23. Let c = -66 - a. What is the tens digit of c?
2
Let o(f) be the first derivative of 3*f**3 + 1 + 1/4*f**4 + 7/2*f**2 - 6*f. What is the units digit of o(-8)?
2
Let d = 15 - 10. Suppose -4*k = -d*z + 122, 2*k + 0*k - 30 = -z. What is the tens digit of z?
2
Suppose -36 = -2*o - 4*p, 0*o = -4*o + 5*p + 46. What is the units digit of o?
4
Let c(r) = 24*r**2 + 2*r + 3. What is the hundreds digit of c(2)?
1
Let f(q) = q + 4. Let r be f(-6). What is the tens digit of (-22 + -2)*r - 4?
4
Suppose 5*z + 5*i - 4*i - 145 = 0, -3*z = 3*i - 87. Let d = z - 7. What is the units digit of d?
2
Let l(z) = -2*z + 42. Let n be l(0). Suppose -2*v = -0*v - n. What is the tens digit of v?
2
Suppose -3*h + 28 = 4*h. Suppose -h*z + 84 = -92. What is the tens digit of z?
4
Suppose 3*n - 4*w = 634, -3*n + 233 + 377 = 2*w. What is the units digit of n?
6
Suppose -4*h + 5*v = -20 - 5, v = -h - 5. Let j(r) be the third derivative of -r**4/24 + 5*r**3/6 - 2*r**2. What is the units digit of j(h)?
5
Let v(l) be the third derivative of l**5/60 - 5*l**4/12 - 2*l**3/3 + l**2. Let o be v(9). Let n = o + 19. What is the units digit of n?
6
Let g be (2 - -1) + -1 + 0. Let q(i) = i**3 - 2*i + 2*i**2 + i**g + 3 - 2*i**3. What is the units digit of q(2)?
3
Let g(u) = -2*u - 1 + 7*u - 4*u + 9*u. Let y be g(1). Suppose -y = -3*i - 0*i. What is the units digit of i?
3
Suppose -2*s - 5*a + 125 = 0, 4*s + 3*a - 189 = 82. What is the tens digit of s?
7
Let u be -1*-1*1*-2. Suppose 2*j + 37 = 4*m + 7*j, 4*j = -2*m + 26. Let l = u + m. What is the units digit of l?
1
Let b(u) be the first derivative of -4*u + 3*u + u**2 + 4 - 6. What is the units digit of b(4)?
7
Let g be 2/10 + (-9)/(-5). Suppose -7*q = -g*q - 50. What is the tens digit of q?
1
Suppose 0 = 3*o + 26 - 62. What is the units digit of o?
2
Let l(b) = 2*b**3 - 3*b**2 + 2. Let m be ((-12)/(-15))/(2/5). What is the units digit of l(m)?
6
Let w be 0/((-3 - 0) + 2). Let o = w + 18. What is the units digit of o?
8
Let s = 5 - 3. Let z(w) = -2*w + 2. Let o be z(s). What is the tens digit of (o/3)/(5/(-105))?
1
Suppose -10*s = -693 - 347. What is the tens digit of s?
0
Let t = -4 + -3. Let j(a) = a + 19. What is the units digit of j(t)?
2
Let d(n) = -4*n + 1. Suppose 5*w - 3 = 3*c - 12, -4*w - 4*c - 20 = 0. Let f be d(w). Let h = 23 - f. What is the tens digit 